4
What is the remainder when 7858490 is divided by 2654?
2650
What is the remainder when 5018 is divided by 4?
2
What is the remainder when 392347 is divided by 241?
240
What is the remainder when 1328600 is divided by 51?
50
Calculate the remainder when 114817 is divided by 38243.
88
Calculate the remainder when 948 is divided by 229.
32
Calculate the remainder when 391176 is divided by 147.
9
What is the remainder when 7064 is divided by 228?
224
Calculate the remainder when 3501 is divided by 1121.
138
What is the remainder when 42312 is divided by 19?
18
What is the remainder when 37342 is divided by 45?
37
What is the remainder when 67816 is divided by 1356?
16
What is the remainder when 1235 is divided by 374?
113
What is the remainder when 9068 is divided by 648?
644
What is the remainder when 30356 is divided by 460?
456
What is the remainder when 34484 is divided by 34455?
29
What is the remainder when 26007 is divided by 591?
3
Calculate the remainder when 1679302 is divided by 24.
22
Calculate the remainder when 100093 is divided by 20018.
3
What is the remainder when 488 is divided by 79?
14
Calculate the remainder when 3007 is divided by 117.
82
What is the remainder when 24806 is divided by 43?
38
Calculate the remainder when 3480 is divided by 42.
36
Calculate the remainder when 44245 is divided by 323.
317
What is the remainder when 148627 is divided by 37154?
11
Calculate the remainder when 1829 is divided by 852.
125
What is the remainder when 2479 is divided by 167?
141
What is the remainder when 54722 is divided by 227?
15
What is the remainder when 240 is divided by 123?
117
What is the remainder when 40031 is divided by 890?
871
What is the remainder when 2679 is divided by 2525?
154
Calculate the remainder when 619 is divided by 187.
58
Calculate the remainder when 1817689 is divided by 1129.
1128
Calculate the remainder when 212258 is divided by 159.
152
What is the remainder when 2012 is divided by 285?
17
Calculate the remainder when 119976 is divided by 130.
116
What is the remainder when 9628452 is divided by 15?
12
Calculate the remainder when 11197 is divided by 79.
58
Calculate the remainder when 31053 is divided by 413.
78
Calculate the remainder when 2432 is divided by 142.
18
Calculate the remainder when 6236 is divided by 117.
35
What is the remainder when 2539 is divided by 166?
49
What is the remainder when 79336 is divided by 544?
456
What is the remainder when 315893 is divided by 24297?
32
Calculate the remainder when 9828 is divided by 3256.
60
Calculate the remainder when 3888 is divided by 216.
0
What is the remainder when 2168763 is divided by 26?
25
Calculate the remainder when 4525 is divided by 1361.
442
Calculate the remainder when 9639 is divided by 31.
29
Calculate the remainder when 3670 is divided by 199.
88
Calculate the remainder when 2603 is divided by 35.
13
What is the remainder when 5654 is divided by 29?
28
Calculate the remainder when 8109 is divided by 612.
153
What is the remainder when 52047 is divided by 17343?
18
Calculate the remainder when 13931 is divided by 535.
21
What is the remainder when 3926 is divided by 297?
65
Calculate the remainder when 38649 is divided by 82.
27
What is the remainder when 23646 is divided by 179?
18
Calculate the remainder when 10017 is divided by 6.
3
What is the remainder when 1135 is divided by 49?
8
What is the remainder when 606 is divided by 42?
18
What is the remainder when 7530 is divided by 91?
68
What is the remainder when 21361 is divided by 261?
220
Calculate the remainder when 15938 is divided by 3106.
408
Calculate the remainder when 183876 is divided by 910.
56
Calculate the remainder when 83136 is divided by 50.
36
Calculate the remainder when 67779 is divided by 22593.
0
What is the remainder when 17636 is divided by 535?
516
What is the remainder when 1090921 is divided by 58?
57
What is the remainder when 577992 is divided by 1705?
1702
What is the remainder when 5389 is divided by 2686?
17
Calculate the remainder when 14928 is divided by 7452.
24
What is the remainder when 21876 is divided by 10881?
114
What is the remainder when 323016 is divided by 3589?
6
Calculate the remainder when 105049 is divided by 95.
74
Calculate the remainder when 7734 is divided by 45.
39
What is the remainder when 319 is divided by 21?
4
What is the remainder when 46258 is divided by 30?
28
What is the remainder when 8350 is divided by 1222?
1018
Calculate the remainder when 8454 is divided by 303.
273
What is the remainder when 20486 is divided by 26?
24
Calculate the remainder when 24713 is divided by 1073.
34
What is the remainder when 4051 is divided by 145?
136
Calculate the remainder when 1073 is divided by 308.
149
Calculate the remainder when 25776 is divided by 330.
36
Calculate the remainder when 221361 is divided by 33.
30
Calculate the remainder when 12149 is divided by 528.
5
What is the remainder when 5439 is divided by 27?
12
What is the remainder when 9697 is divided by 880?
17
Calculate the remainder when 324835 is divided by 54138.
7
What is the remainder when 19275 is divided by 19246?
29
What is the remainder when 2789 is divided by 1021?
747
Calculate the remainder when 11842 is divided by 539.
523
What is the remainder when 55158 is divided by 55149?
9
What is the remainder when 7203 is divided by 162?
75
Calculate the remainder when 554500 is divided by 12602.
12
Calculate the remainder when 16214 is divided by 726.
242
What is the remainder when 10728 is divided by 5363?
2
Calculate the remainder when 4866 is divided by 2404.
58
Calculate the remainder when 14948 is divided by 177.
80
Calculate the remainder when 14280 is divided by 275.
255
Calculate the remainder when 2234 is divided by 59.
51
What is the remainder when 15099 is divided by 194?
161
Calculate the remainder when 9437 is divided by 529.
444
Calculate the remainder when 5233 is divided by 1736.
25
What is the remainder when 494051 is divided by 20?
11
What is the remainder when 74086 is divided by 259?
12
Calculate the remainder when 8555 is divided by 31.
30
Calculate the remainder when 2670 is divided by 449.
425
What is the remainder when 10530 is divided by 810?
0
Calculate the remainder when 114969 is divided by 60.
9
Calculate the remainder when 465122 is divided by 621.
614
Calculate the remainder when 864073 is divided by 388.
385
What is the remainder when 20414 is divided by 6796?
26
Calculate the remainder when 2366 is divided by 1894.
472
Calculate the remainder when 10557 is divided by 10551.
6
Calculate the remainder when 1282 is divided by 38.
28
What is the remainder when 576473 is divided by 44?
29
Calculate the remainder when 11912 is divided by 70.
12
What is the remainder when 111257 is divided by 161?
6
Calculate the remainder when 125839 is divided by 176.
175
Calculate the remainder when 65017 is divided by 118.
117
What is the remainder when 142427 is divided by 52?
51
What is the remainder when 2034 is divided by 1002?
30
What is the remainder when 721 is divided by 68?
41
What is the remainder when 106667 is divided by 21329?
22
What is the remainder when 54559 is divided by 22?
21
What is the remainder when 10491 is divided by 187?
19
What is the remainder when 164797 is divided by 1459?
1389
What is the remainder when 55109 is divided by 83?
80
What is the remainder when 6130 is divided by 1224?
10
What is the remainder when 2667492 is divided by 15?
12
Calculate the remainder when 20775 is divided by 1385.
0
Calculate the remainder when 44459 is divided by 3.
2
What is the remainder when 24282 is divided by 8053?
123
What is the remainder when 43970 is divided by 10981?
46
Calculate the remainder when 1135 is divided by 82.
69
What is the remainder when 49698 is divided by 221?
194
What is the remainder when 2058 is divided by 307?
216
What is the remainder when 1215 is divided by 55?
5
Calculate the remainder when 24544 is divided by 1533.
16
What is the remainder when 145602 is divided by 92?
58
What is the remainder when 8645 is divided by 540?
5
What is the remainder when 44911 is divided by 739?
571
What is the remainder when 445974 is divided by 63710?
4
Calculate the remainder when 2491 is divided by 2389.
102
Calculate